{"id":419,"date":"2014-09-18T16:25:29","date_gmt":"2014-09-18T16:25:29","guid":{"rendered":"http:\/\/slo5.net\/wordpress\/?page_id=419"},"modified":"2016-06-23T17:23:47","modified_gmt":"2016-06-23T15:23:47","slug":"marketing","status":"publish","type":"page","link":"https:\/\/areafilm.si\/wordpress\/marketing\/","title":{"rendered":"Marketing"},"content":{"rendered":"<p>Primorski utrip izhaja brezpla\u010dno na spletu ter v <strong>brezpla\u010dni tiskani izdaji<\/strong> v nakladi do 7.000 izvodov. Njegova ciljna skupina so bralci Obalnih ob\u010din, Krasa, Notranjske in Severne Primorske.<\/p>\n<p><a href=\"http:\/\/slo5.net\/wordpress\/wp-content\/uploads\/2014\/09\/pu_regije.jpg\"><img loading=\"lazy\" decoding=\"async\" class=\"aligncenter size-full wp-image-1689\" src=\"http:\/\/slo5.net\/wordpress\/wp-content\/uploads\/2014\/09\/pu_regije.jpg\" alt=\"pu_regije\" width=\"528\" height=\"344\" \/><\/a><\/p>\n<p><strong>Tiskana izdaja je\u00a0<\/strong>formata A3, na katerih poro\u010damo o dogajanju v obalno-kra\u0161ki regiji ter o pomembnej\u0161ih nacionalnih in mednarodnih dogodkih, ki neposredno vplivajo na \u017eivljenje prebivalcev Obale, Krasa, Notranjske in Severne Primorske.<\/p>\n<p><a href=\"http:\/\/www.area.si\/media\/Primorski%20Utrip%20CENIK%202016.pdf\" target=\"_blank\">Cenik ogla\u0161evanja lahko dobite TUKAJ<\/a><\/p>\n<p>Za vse dodatne informacije:<br \/>\npokli\u010dite: <strong>040 260 822<\/strong><br \/>\npi\u0161ite na <a href=\"mailto:info@slo5.net\">info@slo5.net<\/a><\/p>\n<p>&nbsp;<\/p>\n","protected":false},"excerpt":{"rendered":"<p>Primorski utrip izhaja brezpla\u010dno na spletu ter v brezpla\u010dni tiskani izdaji v nakladi do 7.000&#8230;<\/p>\n","protected":false},"author":4,"featured_media":0,"parent":0,"menu_order":0,"comment_status":"closed","ping_status":"closed","template":"","meta":{"footnotes":""},"class_list":["post-419","page","type-page","status-publish","hentry"],"_links":{"self":[{"href":"https:\/\/areafilm.si\/wordpress\/wp-json\/wp\/v2\/pages\/419","targetHints":{"allow":["GET"]}}],"collection":[{"href":"https:\/\/areafilm.si\/wordpress\/wp-json\/wp\/v2\/pages"}],"about":[{"href":"https:\/\/areafilm.si\/wordpress\/wp-json\/wp\/v2\/types\/page"}],"author":[{"embeddable":true,"href":"https:\/\/areafilm.si\/wordpress\/wp-json\/wp\/v2\/users\/4"}],"replies":[{"embeddable":true,"href":"https:\/\/areafilm.si\/wordpress\/wp-json\/wp\/v2\/comments?post=419"}],"version-history":[{"count":17,"href":"https:\/\/areafilm.si\/wordpress\/wp-json\/wp\/v2\/pages\/419\/revisions"}],"predecessor-version":[{"id":3424,"href":"https:\/\/areafilm.si\/wordpress\/wp-json\/wp\/v2\/pages\/419\/revisions\/3424"}],"wp:attachment":[{"href":"https:\/\/areafilm.si\/wordpress\/wp-json\/wp\/v2\/media?parent=419"}],"curies":[{"name":"wp","href":"https:\/\/api.w.org\/{rel}","templated":true}]}}